{"id":87,"date":"2024-03-04T08:37:18","date_gmt":"2024-03-04T08:37:18","guid":{"rendered":"https:\/\/nxt37516.nextadmin.hu\/wordpress\/?page_id=87"},"modified":"2024-04-12T18:47:24","modified_gmt":"2024-04-12T18:47:24","slug":"kapcsolat","status":"publish","type":"page","link":"https:\/\/www.agijoga.hu\/?page_id=87","title":{"rendered":"Kapcsolat"},"content":{"rendered":"\n<div class=\"wp-block-group has-global-padding is-layout-constrained wp-block-group-is-layout-constrained\"><h2 class=\"wp-block-post-title\">Kapcsolat<\/h2><\/div>\n\n\n\n<hr class=\"wp-block-separator alignwide has-alpha-channel-opacity\"\/>\n\n\n\n<div class=\"wp-block-group has-global-padding is-layout-constrained wp-container-core-group-is-layout-9517baca wp-block-group-is-layout-constrained\">\n<div class=\"wp-block-group is-nowrap is-layout-flex wp-container-core-group-is-layout-6c531013 wp-block-group-is-layout-flex\">\n<figure class=\"wp-block-image size-full is-resized\" data-aos=\"fade-right\" data-aos-delay=\"150\"><img loading=\"lazy\" decoding=\"async\" width=\"110\" height=\"94\" src=\"https:\/\/nxt37516.nextadmin.hu\/wordpress\/wp-content\/uploads\/2024\/04\/address.png\" alt=\"\" class=\"wp-image-366\" style=\"width:auto;height:25px\"\/><\/figure>\n\n\n\n<p data-aos=\"fade-\" data-aos-delay=\"200\">6724, Szeged, F\u00f6ldt\u00e1mad\u00e1s u. 30.<\/p>\n<\/div>\n\n\n\n<div class=\"wp-block-group is-nowrap is-layout-flex wp-container-core-group-is-layout-6c531013 wp-block-group-is-layout-flex\">\n<figure class=\"wp-block-image size-full is-resized\" data-aos=\"fade-right\" data-aos-delay=\"350\"><img loading=\"lazy\" decoding=\"async\" width=\"100\" height=\"110\" src=\"https:\/\/nxt37516.nextadmin.hu\/wordpress\/wp-content\/uploads\/2024\/04\/phone.png\" alt=\"\" class=\"wp-image-369\" style=\"width:auto;height:25px\"\/><\/figure>\n\n\n\n<p data-aos=\"fade-\" data-aos-delay=\"400\">+36-30-435-0514<\/p>\n<\/div>\n\n\n\n<div class=\"wp-block-group is-nowrap is-layout-flex wp-container-core-group-is-layout-6c531013 wp-block-group-is-layout-flex\">\n<figure class=\"wp-block-image size-full is-resized\" data-aos=\"fade-right\" data-aos-delay=\"550\"><img loading=\"lazy\" decoding=\"async\" width=\"110\" height=\"78\" src=\"https:\/\/nxt37516.nextadmin.hu\/wordpress\/wp-content\/uploads\/2024\/04\/email.png\" alt=\"\" class=\"wp-image-364\" style=\"width:auto;height:25px\"\/><\/figure>\n\n\n\n<p data-aos=\"fade-\" data-aos-delay=\"600\">joga.agi@gmail.com<\/p>\n<\/div>\n\n\n\n<div class=\"wp-block-group is-nowrap is-layout-flex wp-container-core-group-is-layout-6c531013 wp-block-group-is-layout-flex\">\n<figure class=\"wp-block-image size-full is-resized\" data-aos=\"fade-right\" data-aos-delay=\"750\"><img loading=\"lazy\" decoding=\"async\" width=\"110\" height=\"110\" src=\"https:\/\/nxt37516.nextadmin.hu\/wordpress\/wp-content\/uploads\/2024\/04\/facebook.png\" alt=\"\" class=\"wp-image-367\" style=\"width:auto;height:25px\"\/><\/figure>\n\n\n\n<p data-aos=\"fade-\" data-aos-delay=\"800\">???<\/p>\n<\/div>\n\n\n\n<div class=\"wp-block-group is-nowrap is-layout-flex wp-container-core-group-is-layout-6c531013 wp-block-group-is-layout-flex\">\n<figure class=\"wp-block-image size-full is-resized\" data-aos=\"fade-right\" data-aos-delay=\"950\"><img loading=\"lazy\" decoding=\"async\" width=\"110\" height=\"110\" src=\"https:\/\/nxt37516.nextadmin.hu\/wordpress\/wp-content\/uploads\/2024\/04\/messegner.png\" alt=\"\" class=\"wp-image-365\" style=\"width:auto;height:25px\"\/><\/figure>\n\n\n\n<p data-aos=\"fade-\" data-aos-delay=\"1000\">???<\/p>\n<\/div>\n\n\n\n<div class=\"wp-block-group is-nowrap is-layout-flex wp-container-core-group-is-layout-6c531013 wp-block-group-is-layout-flex\">\n<figure class=\"wp-block-image size-full is-resized\" data-aos=\"fade-right\" data-aos-delay=\"1150\"><img loading=\"lazy\" decoding=\"async\" width=\"110\" height=\"110\" src=\"https:\/\/nxt37516.nextadmin.hu\/wordpress\/wp-content\/uploads\/2024\/04\/instagram.png\" alt=\"\" class=\"wp-image-368\" style=\"width:auto;height:25px\"\/><\/figure>\n\n\n\n<p data-aos=\"fade-\" data-aos-delay=\"1350\"><a href=\"https:\/\/www.instagram.com\/joga.agi\/\" data-type=\"link\" data-id=\"https:\/\/www.instagram.com\/joga.agi\/\" target=\"_blank\" rel=\"noreferrer noopener\">@joga.agi<\/a><\/p>\n<\/div>\n<\/div>\n\n\n\n<div class=\"wp-block-group has-global-padding is-layout-constrained wp-block-group-is-layout-constrained\" data-aos=\"fade\" data-aos-delay=\"1500\">\t\t\t<div \n\t\t\tclass=\"wp-block-uagb-google-map uagb-google-map__wrap uagb-block-bd09d3be     \"\n\t\t\tstyle=\"\" >\n\t\t\t\t<embed\n\t\t\t\t\tclass=\"uagb-google-map__iframe\"\n\t\t\t\t\ttitle=\"Google Map for \"\n\t\t\t\t\tsrc=\"https:\/\/maps.google.com\/maps?q=C%C3%ADm%3A%206724%2C%20Szeged%2C%20F%C3%B6ldt%C3%A1mad%C3%A1s%20u.%2030.&#038;z=16&#038;hl=hu&#038;t=m&#038;output=embed&#038;iwloc=near\"\n\t\t\t\t\twidth=\"640\"\n\t\t\t\t\theight=\"571\"\n\t\t\t\t\tloading=\"lazy\"\n\t\t\t\t><\/embed>\n\t\t\t<\/div>\n\t\t\t<\/div>\n","protected":false},"excerpt":{"rendered":"<p>6724, Szeged, F\u00f6ldt\u00e1mad\u00e1s u. 30. +36-30-435-0514 joga.agi@gmail.com ??? ??? @joga.agi<\/p>\n","protected":false},"author":2,"featured_media":0,"parent":0,"menu_order":0,"comment_status":"closed","ping_status":"closed","template":"","meta":{"_editorskit_title_hidden":false,"_editorskit_reading_time":0,"_editorskit_is_block_options_detached":false,"_editorskit_block_options_position":"{}","_uag_custom_page_level_css":"","footnotes":""},"class_list":["post-87","page","type-page","status-publish","hentry"],"uagb_featured_image_src":{"full":false,"thumbnail":false,"medium":false,"medium_large":false,"large":false,"1536x1536":false,"2048x2048":false},"uagb_author_info":{"display_name":"Admin","author_link":"https:\/\/www.agijoga.hu\/?author=2"},"uagb_comment_info":0,"uagb_excerpt":"6724, Szeged, F\u00f6ldt\u00e1mad\u00e1s u. 30. +36-30-435-0514 joga.agi@gmail.com ??? ??? @joga.agi","_links":{"self":[{"href":"https:\/\/www.agijoga.hu\/index.php?rest_route=\/wp\/v2\/pages\/87","targetHints":{"allow":["GET"]}}],"collection":[{"href":"https:\/\/www.agijoga.hu\/index.php?rest_route=\/wp\/v2\/pages"}],"about":[{"href":"https:\/\/www.agijoga.hu\/index.php?rest_route=\/wp\/v2\/types\/page"}],"author":[{"embeddable":true,"href":"https:\/\/www.agijoga.hu\/index.php?rest_route=\/wp\/v2\/users\/2"}],"replies":[{"embeddable":true,"href":"https:\/\/www.agijoga.hu\/index.php?rest_route=%2Fwp%2Fv2%2Fcomments&post=87"}],"version-history":[{"count":42,"href":"https:\/\/www.agijoga.hu\/index.php?rest_route=\/wp\/v2\/pages\/87\/revisions"}],"predecessor-version":[{"id":391,"href":"https:\/\/www.agijoga.hu\/index.php?rest_route=\/wp\/v2\/pages\/87\/revisions\/391"}],"wp:attachment":[{"href":"https:\/\/www.agijoga.hu\/index.php?rest_route=%2Fwp%2Fv2%2Fmedia&parent=87"}],"curies":[{"name":"wp","href":"https:\/\/api.w.org\/{rel}","templated":true}]}}